{"id":236,"date":"2020-09-02T08:07:33","date_gmt":"2020-09-02T08:07:33","guid":{"rendered":"https:\/\/battledim.ucy.ac.cy\/?page_id=236"},"modified":"2020-09-04T07:33:14","modified_gmt":"2020-09-04T07:33:14","slug":"battledim-papers","status":"publish","type":"page","link":"https:\/\/battledim.ucy.ac.cy\/?page_id=236","title":{"rendered":"Papers &#038; Presentations"},"content":{"rendered":"\n<p><a href=\"https:\/\/zenodo.org\/record\/3964167#.X09I5YtRU2w\">A Hybrid Leakage Detection and Isolation Approach Based on Ensemble Multivariate Changepoint Detection Methods<\/a><br>Cheng, Tuoyuan; Li, Yuanzhe; Harrou, Fouzi; Sun, Ying; Gao, Jinliang; Leiknes, TorOve<\/p>\n\n\n\n<figure class=\"wp-block-embed-youtube wp-block-embed is-type-video is-provider-youtube wp-embed-aspect-16-9 wp-has-aspect-ratio\"><div class=\"wp-block-embed__wrapper\">\n<iframe loading=\"lazy\" title=\"Cheng00\" width=\"840\" height=\"473\" src=\"https:\/\/www.youtube.com\/embed\/D76S3lP1aDQ?feature=oembed\" frameborder=\"0\" allow=\"accelerometer; autoplay; encrypted-media; gyroscope; picture-in-picture\" allowfullscreen><\/iframe>\n<\/div><\/figure>\n\n\n\n<p><\/p>\n\n\n\n<p><a href=\"https:\/\/zenodo.org\/record\/3925507#.X09I_otRU2w\">The combined usage of the hydraulic model calibration residual and an improved vectorial angle method for solving the BattLeDIM problem<\/a><br>HUANG, Lefeng; DU, Kun; GUAN, Miaoting; WANG, Qi<\/p>\n\n\n\n<figure class=\"wp-block-embed-youtube wp-block-embed is-type-video is-provider-youtube wp-embed-aspect-16-9 wp-has-aspect-ratio\"><div class=\"wp-block-embed__wrapper\">\n<iframe loading=\"lazy\" title=\"DandW\" width=\"840\" height=\"473\" src=\"https:\/\/www.youtube.com\/embed\/ju_TYRIR7Eg?feature=oembed\" frameborder=\"0\" allow=\"accelerometer; autoplay; encrypted-media; gyroscope; picture-in-picture\" allowfullscreen><\/iframe>\n<\/div><\/figure>\n\n\n\n<p><\/p>\n\n\n\n<p><a href=\"https:\/\/zenodo.org\/record\/3924632#.X09JSYtRU2w\">A high-resolution pressure-driven method for leakage identification and localization in water distribution networks<\/a><br>DANIEL, Ivo; PESANTEZ, Jorge; LETZGUS, Simon; KHAKSAR FASAEE, Mohammad Ali; ALGHAMDI, Faisal; MAHINTHAKUMAR, Kumar; BERGLUND, Emily; COMINOLA, Andrea<\/p>\n\n\n\n<figure class=\"wp-block-embed-youtube wp-block-embed is-type-video is-provider-youtube wp-embed-aspect-16-9 wp-has-aspect-ratio\"><div class=\"wp-block-embed__wrapper\">\n<iframe loading=\"lazy\" title=\"Leakbusters\" width=\"840\" height=\"473\" src=\"https:\/\/www.youtube.com\/embed\/PrHgNnQn-lQ?feature=oembed\" frameborder=\"0\" allow=\"accelerometer; autoplay; encrypted-media; gyroscope; picture-in-picture\" allowfullscreen><\/iframe>\n<\/div><\/figure>\n\n\n\n<p><\/p>\n\n\n\n<p><a href=\"https:\/\/zenodo.org\/record\/3923227#.X09KAYuEY2w\">Battle of the Leakage Detection and Isolation Methods: An Energy Method Analysis using Genetic Algorithms<\/a><br>SALDARRIAGA, Juan; SOLARTE, Laura; SALCEDO, Camilo; MONTES, Carlos; MART\u00cdNEZ, Laura; GONZ\u00c1LEZ, Mar\u00eda; CUELLO, Mar\u00eda; ARIZA, Andr\u00e9s; GALINDO, Camilo; ORTIZ, N\u00e9stor; G\u00d3MEZ, Cristian; VANEGAS, Sergio<\/p>\n\n\n\n<figure class=\"wp-block-embed-youtube wp-block-embed is-type-video is-provider-youtube wp-embed-aspect-16-9 wp-has-aspect-ratio\"><div class=\"wp-block-embed__wrapper\">\n<iframe loading=\"lazy\" title=\"CIACUA\" width=\"840\" height=\"473\" src=\"https:\/\/www.youtube.com\/embed\/gg30XVC3OqE?feature=oembed\" frameborder=\"0\" allow=\"accelerometer; autoplay; encrypted-media; gyroscope; picture-in-picture\" allowfullscreen><\/iframe>\n<\/div><\/figure>\n\n\n\n<p><\/p>\n\n\n\n<p><a href=\"https:\/\/zenodo.org\/record\/3924109\">A multistage approach to detect and isolate multiple leakages in district metering areas in water distribution systems<\/a><br>Xiaoting Wang; Junyu Li; Xipeng Yu; Ziqing Ma; Yujun Huang<\/p>\n\n\n\n<figure class=\"wp-block-embed-youtube wp-block-embed is-type-video is-provider-youtube wp-embed-aspect-16-9 wp-has-aspect-ratio\"><div class=\"wp-block-embed__wrapper\">\n<iframe loading=\"lazy\" title=\"Tsinghua\" width=\"840\" height=\"473\" src=\"https:\/\/www.youtube.com\/embed\/dIAyUhzwAZY?feature=oembed\" frameborder=\"0\" allow=\"accelerometer; autoplay; encrypted-media; gyroscope; picture-in-picture\" allowfullscreen><\/iframe>\n<\/div><\/figure>\n\n\n\n<p><\/p>\n\n\n\n<p><a href=\"https:\/\/zenodo.org\/record\/3923907\">A Dual Model for Leak Detection and Localization<\/a><br>STEFFELBAUER, David B.; DEUERLEIN, Jochen; GILBERT, Denis; PILLER, Olivier; ABRAHAM, Edo<\/p>\n\n\n\n<figure class=\"wp-block-embed-youtube wp-block-embed is-type-video is-provider-youtube wp-embed-aspect-16-9 wp-has-aspect-ratio\"><div class=\"wp-block-embed__wrapper\">\n<iframe loading=\"lazy\" title=\"Under Pressure\" width=\"840\" height=\"473\" src=\"https:\/\/www.youtube.com\/embed\/oPXuyqyboAQ?feature=oembed\" frameborder=\"0\" allow=\"accelerometer; autoplay; encrypted-media; gyroscope; picture-in-picture\" allowfullscreen><\/iframe>\n<\/div><\/figure>\n\n\n\n<p><\/p>\n\n\n\n<p><a href=\"https:\/\/zenodo.org\/record\/3923929\">A Real Time Method to Detect the Burst Location of Urban Water Supply Network<\/a><br>Zhang,Weiping; Liu,Jingqing; Han,Lifei; Li,Yalin; Li,Xiujuang; Shi,Zhiman; Yu,Junfeng; Wang,Jiangxia<\/p>\n\n\n\n<figure class=\"wp-block-embed-youtube wp-block-embed is-type-video is-provider-youtube wp-embed-aspect-16-9 wp-has-aspect-ratio\"><div class=\"wp-block-embed__wrapper\">\n<iframe loading=\"lazy\" title=\"ZhiyunShuiwuTeam\" width=\"840\" height=\"473\" src=\"https:\/\/www.youtube.com\/embed\/csC-ewXyuVs?feature=oembed\" frameborder=\"0\" allow=\"accelerometer; autoplay; encrypted-media; gyroscope; picture-in-picture\" allowfullscreen><\/iframe>\n<\/div><\/figure>\n\n\n\n<p><a href=\"https:\/\/zenodo.org\/record\/3923501#.X09Kk4uEY2w\">Leak Localization In Water Distribution Networks Using Data-Driven And Model-Based Approaches<\/a><br>ROMERO, Luis; BLESA, Joaquim; ALVES, D\u00e9bora; CEMBRANO, Gabriela; PUIG, Vicen\u00e7; DUVIELLA, Eric<\/p>\n\n\n\n<figure class=\"wp-block-embed-youtube wp-block-embed is-type-video is-provider-youtube wp-embed-aspect-16-9 wp-has-aspect-ratio\"><div class=\"wp-block-embed__wrapper\">\n<iframe loading=\"lazy\" title=\"IRI\" width=\"840\" height=\"473\" src=\"https:\/\/www.youtube.com\/embed\/DnwfCd0RbWI?feature=oembed\" frameborder=\"0\" allow=\"accelerometer; autoplay; encrypted-media; gyroscope; picture-in-picture\" allowfullscreen><\/iframe>\n<\/div><\/figure>\n\n\n\n<p><\/p>\n\n\n\n<p><a href=\"https:\/\/zenodo.org\/record\/3922019#.X0952YtRVhE\">A Two-Phase Model to Detect and Localize Water Distribution System Leakages<\/a><br>Min, Kyoung Won; Kim, Taewook; Choi, Young Hwan; Jung, Donghwi; Kim, Joong Hoon<\/p>\n\n\n\n<figure class=\"wp-block-embed-youtube wp-block-embed is-type-video is-provider-youtube wp-embed-aspect-16-9 wp-has-aspect-ratio\"><div class=\"wp-block-embed__wrapper\">\n<iframe loading=\"lazy\" title=\"KU hydrosystems\" width=\"840\" height=\"473\" src=\"https:\/\/www.youtube.com\/embed\/pkwNQeq9a0A?feature=oembed\" frameborder=\"0\" allow=\"accelerometer; autoplay; encrypted-media; gyroscope; picture-in-picture\" allowfullscreen><\/iframe>\n<\/div><\/figure>\n\n\n\n<p><a href=\"https:\/\/zenodo.org\/record\/3921800\">Detecting and Localizing Leakage Hotspots in Water Distribution Networks via Regularization of an Inverse Problem: An Application to the Battle of Leakage Detection and Isolation Methods 2020 Competition<\/a><br>Blocher, Caroline; Pecci, Filippo; Jara Arriagada, Carlos; Stoianov, Ivan<\/p>\n\n\n\n<figure class=\"wp-block-embed-youtube wp-block-embed is-type-video is-provider-youtube wp-embed-aspect-16-9 wp-has-aspect-ratio\"><div class=\"wp-block-embed__wrapper\">\n<iframe loading=\"lazy\" title=\"InfraSenseLabs\" width=\"840\" height=\"473\" src=\"https:\/\/www.youtube.com\/embed\/qaeLo3rzs2o?feature=oembed\" frameborder=\"0\" allow=\"accelerometer; autoplay; encrypted-media; gyroscope; picture-in-picture\" allowfullscreen><\/iframe>\n<\/div><\/figure>\n\n\n\n<p><\/p>\n\n\n\n<p><a href=\"https:\/\/zenodo.org\/record\/3911523#.X09LG4uEY2w\">Leakage Detection and Isolation in Water Distribution Network Based on Data Mining and Genetic Optimized Hydraulic Simulation<\/a><br>LIU,Runze; ZHANG,Zhen; ZHANG,Dian<\/p>\n\n\n\n<figure class=\"wp-block-embed-youtube wp-block-embed is-type-video is-provider-youtube wp-embed-aspect-16-9 wp-has-aspect-ratio\"><div class=\"wp-block-embed__wrapper\">\n<iframe loading=\"lazy\" title=\"DHI China\" width=\"840\" height=\"473\" src=\"https:\/\/www.youtube.com\/embed\/3MjmJjheIqw?feature=oembed\" frameborder=\"0\" allow=\"accelerometer; autoplay; encrypted-media; gyroscope; picture-in-picture\" allowfullscreen><\/iframe>\n<\/div><\/figure>\n\n\n\n<p><\/p>\n\n\n\n<p><a href=\"https:\/\/zenodo.org\/record\/3911045#.X09LPItRU2w\">Fast Localization of Multiple Leaks in Water Distribution Network Jointly Driven By Simulation and Machine Learning<\/a><br>Li, Zhirong; Xin, Kunlun<\/p>\n\n\n\n<figure class=\"wp-block-embed-youtube wp-block-embed is-type-video is-provider-youtube wp-embed-aspect-16-9 wp-has-aspect-ratio\"><div class=\"wp-block-embed__wrapper\">\n<iframe loading=\"lazy\" title=\"Tongji Team\" width=\"840\" height=\"473\" src=\"https:\/\/www.youtube.com\/embed\/dsS3wJP6klc?feature=oembed\" frameborder=\"0\" allow=\"accelerometer; autoplay; encrypted-media; gyroscope; picture-in-picture\" allowfullscreen><\/iframe>\n<\/div><\/figure>\n\n\n\n<p><\/p>\n\n\n\n<p><a href=\"https:\/\/zenodo.org\/record\/3908525\">DECOMPOSITION-BASED DATA ANALYSIS WITH HYDRAULIC MODEL CALIBRATION FOR LEAKAGE DETECTION AND ISOLATION<\/a><br>Wu, Zheng Yi; He, Yekun<\/p>\n\n\n\n<figure class=\"wp-block-embed-youtube wp-block-embed is-type-video is-provider-youtube wp-embed-aspect-16-9 wp-has-aspect-ratio\"><div class=\"wp-block-embed__wrapper\">\n<iframe loading=\"lazy\" title=\"Wu BSY\" width=\"840\" height=\"473\" src=\"https:\/\/www.youtube.com\/embed\/OgxK9mghdEA?feature=oembed\" frameborder=\"0\" allow=\"accelerometer; autoplay; encrypted-media; gyroscope; picture-in-picture\" allowfullscreen><\/iframe>\n<\/div><\/figure>\n\n\n\n<p><\/p>\n\n\n\n<p><a href=\"https:\/\/zenodo.org\/record\/3906850\">Water Leakage Detection and Localization: Anomaly Matrix &#8211; A Deterministic Approach<\/a><br>BHOWMICK, Subhrajeit; SEIFERT, Klaus<\/p>\n\n\n\n<figure class=\"wp-block-embed-youtube wp-block-embed is-type-video is-provider-youtube wp-embed-aspect-16-9 wp-has-aspect-ratio\"><div class=\"wp-block-embed__wrapper\">\n<iframe loading=\"lazy\" title=\"CUBALYTICS\" width=\"840\" height=\"473\" src=\"https:\/\/www.youtube.com\/embed\/vjEfE7usuY4?feature=oembed\" frameborder=\"0\" allow=\"accelerometer; autoplay; encrypted-media; gyroscope; picture-in-picture\" allowfullscreen><\/iframe>\n<\/div><\/figure>\n\n\n\n<p><\/p>\n\n\n\n<p><a href=\"https:\/\/zenodo.org\/record\/3906668\">A leakage detection system extracting the most meaningful features with decision trees.<\/a><br>Adanza Dopazo, Daniel<\/p>\n\n\n\n<figure class=\"wp-block-embed-youtube wp-block-embed is-type-video is-provider-youtube wp-embed-aspect-16-9 wp-has-aspect-ratio\"><div class=\"wp-block-embed__wrapper\">\n<iframe loading=\"lazy\" title=\"Artesia\" width=\"840\" height=\"473\" src=\"https:\/\/www.youtube.com\/embed\/WeZuYULcDHY?feature=oembed\" frameborder=\"0\" allow=\"accelerometer; autoplay; encrypted-media; gyroscope; picture-in-picture\" allowfullscreen><\/iframe>\n<\/div><\/figure>\n\n\n\n<p><\/p>\n\n\n\n<p><a href=\"https:\/\/zenodo.org\/record\/3902945\">Deep Learning of Complex Pipe Leakages Events in Drinking Water Distribution Networks for Effective Spatiotemporal Pre-Detections and Isolations of Leak Conditions<\/a><br>Tan, Cheng Ann; Phipatanasuphorn, Veradej; Lai, Chun Hin Adrian<\/p>\n\n\n\n<figure class=\"wp-block-embed-youtube wp-block-embed is-type-video is-provider-youtube wp-embed-aspect-16-9 wp-has-aspect-ratio\"><div class=\"wp-block-embed__wrapper\">\n<iframe loading=\"lazy\" title=\"DHI SG\" width=\"840\" height=\"473\" src=\"https:\/\/www.youtube.com\/embed\/9zjJa7zjSZw?feature=oembed\" frameborder=\"0\" allow=\"accelerometer; autoplay; encrypted-media; gyroscope; picture-in-picture\" allowfullscreen><\/iframe>\n<\/div><\/figure>\n\n\n\n<p><\/p>\n\n\n\n<p><a href=\"https:\/\/zenodo.org\/record\/3900989#.X09Lf4uEY2w\">A Pragmatic Approach for Leakage Detection Based on the Analysis of Observed Data and Hydraulic Simulations<\/a><br>MARZOLA, Irene; MAZZONI, Filippo; ALVISI, Stefano; FRANCHINI, Marco<\/p>\n\n\n\n<figure class=\"wp-block-embed-youtube wp-block-embed is-type-video is-provider-youtube wp-embed-aspect-16-9 wp-has-aspect-ratio\"><div class=\"wp-block-embed__wrapper\">\n<iframe loading=\"lazy\" title=\"UNIFE\" width=\"840\" height=\"473\" src=\"https:\/\/www.youtube.com\/embed\/Ez0UNwsTs-s?feature=oembed\" frameborder=\"0\" allow=\"accelerometer; autoplay; encrypted-media; gyroscope; picture-in-picture\" allowfullscreen><\/iframe>\n<\/div><\/figure>\n\n\n\n<p><\/p>\n\n\n\n<p><a href=\"https:\/\/zenodo.org\/record\/4011894\">Signal Processing and Optimization Process for leakage detection and<br>localization<\/a><br>Daniel Barros; Pedro Resende; Bruno Brentan; Gustavo Meirelles; Idel Montalvo; Edevar Luvizotto; Joaqu\u00edn Izquierdo<\/p>\n\n\n\n<figure class=\"wp-block-embed-youtube wp-block-embed is-type-video is-provider-youtube wp-embed-aspect-16-9 wp-has-aspect-ratio\"><div class=\"wp-block-embed__wrapper\">\n<iframe loading=\"lazy\" title=\"FluIng\" width=\"840\" height=\"473\" src=\"https:\/\/www.youtube.com\/embed\/YE0nLqnCtFs?feature=oembed\" frameborder=\"0\" allow=\"accelerometer; autoplay; encrypted-media; gyroscope; picture-in-picture\" allowfullscreen><\/iframe>\n<\/div><\/figure>\n\n\n\n<p><\/p>\n\n\n\n<p><a href=\"https:\/\/zenodo.org\/record\/3902046#.X09LxYuEY2w\">BattLeDIM: Battle of the Leakage Detection and Isolation Methods<\/a><br>Vrachimis; Eliades; Taormina; Ostfeld; Kapelan; Liu; Kyriakou; Pavlou; Qiu; Polycarpou;<\/p>\n","protected":false},"excerpt":{"rendered":"<p>A Hybrid Leakage Detection and Isolation Approach Based on Ensemble Multivariate Changepoint Detection MethodsCheng, Tuoyuan; Li, Yuanzhe; Harrou, Fouzi; Sun, Ying; Gao, Jinliang; Leiknes, TorOve The combined usage of the hydraulic model calibration residual and an improved vectorial angle method for solving the BattLeDIM problemHUANG, Lefeng; DU, Kun; GUAN, Miaoting; WANG, Qi A high-resolution pressure-driven &hellip; <a href=\"https:\/\/battledim.ucy.ac.cy\/?page_id=236\" class=\"more-link\">Continue reading<span class=\"screen-reader-text\"> &#8220;Papers &#038; Presentations&#8221;<\/span><\/a><\/p>\n","protected":false},"author":1,"featured_media":0,"parent":0,"menu_order":0,"comment_status":"closed","ping_status":"closed","template":"","meta":{"footnotes":""},"class_list":["post-236","page","type-page","status-publish","hentry"],"_links":{"self":[{"href":"https:\/\/battledim.ucy.ac.cy\/index.php?rest_route=\/wp\/v2\/pages\/236","targetHints":{"allow":["GET"]}}],"collection":[{"href":"https:\/\/battledim.ucy.ac.cy\/index.php?rest_route=\/wp\/v2\/pages"}],"about":[{"href":"https:\/\/battledim.ucy.ac.cy\/index.php?rest_route=\/wp\/v2\/types\/page"}],"author":[{"embeddable":true,"href":"https:\/\/battledim.ucy.ac.cy\/index.php?rest_route=\/wp\/v2\/users\/1"}],"replies":[{"embeddable":true,"href":"https:\/\/battledim.ucy.ac.cy\/index.php?rest_route=%2Fwp%2Fv2%2Fcomments&post=236"}],"version-history":[{"count":25,"href":"https:\/\/battledim.ucy.ac.cy\/index.php?rest_route=\/wp\/v2\/pages\/236\/revisions"}],"predecessor-version":[{"id":278,"href":"https:\/\/battledim.ucy.ac.cy\/index.php?rest_route=\/wp\/v2\/pages\/236\/revisions\/278"}],"wp:attachment":[{"href":"https:\/\/battledim.ucy.ac.cy\/index.php?rest_route=%2Fwp%2Fv2%2Fmedia&parent=236"}],"curies":[{"name":"wp","href":"https:\/\/api.w.org\/{rel}","templated":true}]}}